{"id":434,"date":"2018-10-26T13:31:17","date_gmt":"2018-10-26T13:31:17","guid":{"rendered":"http:\/\/1918local.eu\/?page_id=434"},"modified":"2024-05-27T14:10:40","modified_gmt":"2024-05-27T14:10:40","slug":"other-publicity","status":"publish","type":"page","link":"https:\/\/1918local.eu\/ro\/other-publicity\/","title":{"rendered":"Other Publicity"},"content":{"rendered":"<p><span style=\"color: #ffffff;\">.<\/span><\/p>\n<h3><strong>OTHER PUBLICATIONS OF OUR PROJECT MEMBERS:<\/strong><\/h3>\n<p><span style=\"color: #ffffff;\">.<\/span><\/p>\n<p><strong>G\u00e1bor Egry: <a href=\"https:\/\/issuu.com\/euresearcher\/docs\/digital_magazine_eur22\/62\" target=\"_blank\" rel=\"noopener\">From Empire to Nation State<\/a><br \/>\n<\/strong>(EU Research, Spring 2020)<\/p>\n<p><span style=\"color: #ffffff;\">.<\/span><\/p>\n<p><strong>Jernej Kosi: <a href=\"https:\/\/centerslo.si\/wp-content\/uploads\/2019\/07\/55-SSJLK_Kosi_2.pdf\">Sre\u010danje dveh svetov: Prebivalstvo Prekmurja in nova \u00bbjugoslovanska\u00ab oblast po zasedbi in priklju\u010ditvi pokrajine<\/a><\/strong>\u00a0(Two worlds meet: Prekmurje population and new &#8222;Yugoslav&#8221;authority after the occupation and annexation of the province)<\/p>\n<p><span style=\"color: #ffffff;\">.<\/span><\/p>\n<p><strong>Interviews with the project&#8217;s Principal Investigator, dr. G\u00e1bor Egry:<\/strong><\/p>\n<ul>\n<li><a href=\"https:\/\/24.hu\/kultura\/2018\/02\/24\/nem-csak-az-magyar-akinek-faj-trianon\/\" target=\"_blank\" rel=\"noopener noreferrer\">Nem csak az magyar, akinek f\u00e1j Trianon<\/a><br \/>\nJankovics M\u00e1rton &#8211; Magyar Nemzet, 2018.02.24.<\/li>\n<li><a href=\"https:\/\/magyarnemzet.hu\/archivum\/kulturgrund\/onkentes-tuzoltok-az-allamepites-utjaban-3855121\/\" target=\"_blank\" rel=\"noopener noreferrer\">\u00d6nk\u00e9ntes t\u0171zolt\u00f3k az \u00e1llam\u00e9p\u00edt\u00e9s \u00fatj\u00e1ban<\/a><br \/>\nSzeret\u0151 Szabolcs &#8211; 24.hu, 2018.02.05.<\/li>\n<\/ul>\n<p><span style=\"color: #ffffff;\">.<\/span><\/p>\n<p><span style=\"color: #ffffff;\">.<\/span><\/p>\n<h3><strong>OTHER PUBLICATIONS CONNECTED TO THE PROJECT:<\/strong><\/h3>\n<p><span style=\"color: #ffffff;\">.<\/span><\/p>\n<p>Articles written by participants of the Hungarian-language workshop for secondary school history teachers held on 18 November 2023 and the English-language workshop for secondary school history teachers held on 25 November 2023:<\/p>\n<ul>\n<li><strong>M\u00e1rta M\u00e1ria SZAB\u00d3<\/strong>: <a href=\"https:\/\/www.multunk.hu\/wp-content\/uploads\/2024\/05\/szabomm_24_1.pdf\" target=\"_blank\" rel=\"noopener\">Az \u00faj \u00e9s a r\u00e9gi t\u00f6rt\u00e9nelemr\u0151l<\/a><br \/>\n(M\u00faltunk Journal, 2024\/1.)<\/li>\n<li><strong>P\u00e9ter SZ\u00c1SZ<\/strong>: <a href=\"https:\/\/www.multunk.hu\/wp-content\/uploads\/2024\/05\/szaszp_24_1.pdf\" target=\"_blank\" rel=\"noopener\">\u00d6sszeoml\u00e1s ut\u00e1n, \u00fajraform\u00e1l\u00f3d\u00e1s el\u0151tt<\/a><br \/>\n(M\u00faltunk Journal, 2024\/1.)<\/li>\n<\/ul>\n","protected":false},"excerpt":{"rendered":"<p>. OTHER PUBLICATIONS OF OUR PROJECT MEMBERS: . G\u00e1bor Egry: From Empire to Nation State (EU Research, Spring 2020) . Jernej Kosi: Sre\u010danje dveh svetov: Prebivalstvo Prekmurja in nova \u00bbjugoslovanska\u00ab oblast po zasedbi in priklju\u010ditvi pokrajine\u00a0(Two worlds meet: Prekmurje population and new &#8222;Yugoslav&#8221;authority after the occupation and annexation of the province) . Interviews with the [&hellip;]<\/p>\n","protected":false},"author":1,"featured_media":0,"parent":0,"menu_order":0,"comment_status":"closed","ping_status":"closed","template":"","meta":{"_genesis_hide_title":false,"_genesis_hide_breadcrumbs":false,"_genesis_hide_singular_image":false,"_genesis_hide_footer_widgets":false,"_genesis_custom_body_class":"","_genesis_custom_post_class":"","_genesis_layout":""},"_links":{"self":[{"href":"https:\/\/1918local.eu\/ro\/wp-json\/wp\/v2\/pages\/434"}],"collection":[{"href":"https:\/\/1918local.eu\/ro\/wp-json\/wp\/v2\/pages"}],"about":[{"href":"https:\/\/1918local.eu\/ro\/wp-json\/wp\/v2\/types\/page"}],"author":[{"embeddable":true,"href":"https:\/\/1918local.eu\/ro\/wp-json\/wp\/v2\/users\/1"}],"replies":[{"embeddable":true,"href":"https:\/\/1918local.eu\/ro\/wp-json\/wp\/v2\/comments?post=434"}],"version-history":[{"count":16,"href":"https:\/\/1918local.eu\/ro\/wp-json\/wp\/v2\/pages\/434\/revisions"}],"predecessor-version":[{"id":2216,"href":"https:\/\/1918local.eu\/ro\/wp-json\/wp\/v2\/pages\/434\/revisions\/2216"}],"wp:attachment":[{"href":"https:\/\/1918local.eu\/ro\/wp-json\/wp\/v2\/media?parent=434"}],"curies":[{"name":"wp","href":"https:\/\/api.w.org\/{rel}","templated":true}]}}

<p><span style="color: #ffffff;">.</span></p>
<h3><strong>OTHER PUBLICATIONS OF OUR PROJECT MEMBERS:</strong></h3>
<p><span style="color: #ffffff;">.</span></p>
<p><strong>Gábor Egry: <a href="https://issuu.com/euresearcher/docs/digital_magazine_eur22/62" target="_blank" rel="noopener">From Empire to Nation State</a><br />
</strong>(EU Research, Spring 2020)</p>
<p><span style="color: #ffffff;">.</span></p>
<p><strong>Jernej Kosi: <a href="https://centerslo.si/wp-content/uploads/2019/07/55-SSJLK_Kosi_2.pdf">Srečanje dveh svetov: Prebivalstvo Prekmurja in nova »jugoslovanska« oblast po zasedbi in priključitvi pokrajine</a></strong> (Two worlds meet: Prekmurje population and new &#8222;Yugoslav&#8221;authority after the occupation and annexation of the province)</p>
<p><span style="color: #ffffff;">.</span></p>
<p><strong>Interviews with the project&#8217;s Principal Investigator, dr. Gábor Egry:</strong></p>
<ul>
<li><a href="https://24.hu/kultura/2018/02/24/nem-csak-az-magyar-akinek-faj-trianon/" target="_blank" rel="noopener noreferrer">Nem csak az magyar, akinek fáj Trianon</a><br />
Jankovics Márton &#8211; Magyar Nemzet, 2018.02.24.</li>
<li><a href="https://magyarnemzet.hu/archivum/kulturgrund/onkentes-tuzoltok-az-allamepites-utjaban-3855121/" target="_blank" rel="noopener noreferrer">Önkéntes tűzoltók az államépítés útjában</a><br />
Szerető Szabolcs &#8211; 24.hu, 2018.02.05.</li>
</ul>
<p><span style="color: #ffffff;">.</span></p>
<p><span style="color: #ffffff;">.</span></p>
<h3><strong>OTHER PUBLICATIONS CONNECTED TO THE PROJECT:</strong></h3>
<p><span style="color: #ffffff;">.</span></p>
<p>Articles written by participants of the Hungarian-language workshop for secondary school history teachers held on 18 November 2023 and the English-language workshop for secondary school history teachers held on 25 November 2023:</p>
<ul>
<li><strong>Márta Mária SZABÓ</strong>: <a href="https://www.multunk.hu/wp-content/uploads/2024/05/szabomm_24_1.pdf" target="_blank" rel="noopener">Az új és a régi történelemről</a><br />
(Múltunk Journal, 2024/1.)</li>
<li><strong>Péter SZÁSZ</strong>: <a href="https://www.multunk.hu/wp-content/uploads/2024/05/szaszp_24_1.pdf" target="_blank" rel="noopener">Összeomlás után, újraformálódás előtt</a><br />
(Múltunk Journal, 2024/1.)</li>
</ul>

<p>. OTHER PUBLICATIONS OF OUR PROJECT MEMBERS: . Gábor Egry: From Empire to Nation State (EU Research, Spring 2020) . Jernej Kosi: Srečanje dveh svetov: Prebivalstvo Prekmurja in nova »jugoslovanska« oblast po zasedbi in priključitvi pokrajine (Two worlds meet: Prekmurje population and new &#8222;Yugoslav&#8221;authority after the occupation and annexation of the province) . Interviews with the [&hellip;]</p>
