{"id":418,"date":"2018-10-26T13:27:56","date_gmt":"2018-10-26T13:27:56","guid":{"rendered":"http:\/\/1918local.eu\/?page_id=418"},"modified":"2024-05-27T13:51:08","modified_gmt":"2024-05-27T13:51:08","slug":"conferences","status":"publish","type":"page","link":"https:\/\/1918local.eu\/sr-sp\/conferences\/","title":{"rendered":"PROJECT CONFERENCES"},"content":{"rendered":"<p><span style=\"color: #ffffff;\">&#8230;<\/span><\/p>\n<h2>2023<\/h2>\n<p>\u00a0<\/p>\n<p><strong>9-10 November \/ Florence, Italy<\/strong><br \/><strong>International Closing Conference<\/strong><br \/><a href=\"https:\/\/1918local.eu\/a-local-history-of-east-and-central-europe\/\" target=\"_blank\" rel=\"noopener\">A local history of East and Central Europe? How do local transition histories change our perspective on 20th century history?<\/a><\/p>\n<p>Conference organized by: <a href=\"https:\/\/www.eui.eu\/en\/academic-units\/department-of-history\" target=\"_blank\" rel=\"noopener\">Department of History<\/a>, European University Institute, Florence<\/p>\n<ul>\n<li><strong>Participants:<\/strong> G\u00e1bor Egry, K\u00e1roly Ign\u00e1cz, M\u00e1t\u00e9 Rig\u00f3, Peter Becker, S\u00e9gol\u00e9ne Plyer, Anik\u00f3-Borb\u00e1la Izs\u00e1k, Wolfgang G\u00f6derle,\u00a0Bal\u00e1zs Ablonczy, Christopher Wendt, Ivan Jelicic, Jana Osterkamp,\u00a0B\u00f6rries Kuzmany, Cody J. Inglis, Elisabeth Haid-Lener, Heidi Hein-Kirchner,\u00a0Marco Bresciani, Dominique Reill,\u00a0Pieter M. Judson,\u00a0Holly Case<\/li>\n<\/ul>\n<p>\u00a0<\/p>\n<p><strong>7-8 september \/ Budapest, Hungary<\/strong><br \/><strong>International Closing Conference<\/strong><br \/><a href=\"https:\/\/1918local.eu\/kozep-es-kelet-europa-uj-tortenetei-new-histories-for-central-and-eastern-europe\/\" target=\"_blank\" rel=\"noopener\">New Histories for Central and Eastern Europe? Conference dedicated to the memory of Emil Niederhauser and Istv\u00e1n De\u00e1k<\/a><\/p>\n<ul>\n<li><strong>Participants:<\/strong> Matthias Morys, Egry G\u00e1bor, M\u00e1ria Hidv\u00e9gi, K\u00e1roly Ign\u00e1cz, Zs\u00f3fia Lor\u00e1nd, Susan Zimmermann, D\u00f3ra Czeferner-Fedeles, Gergely Romsics, D\u00f3ra Vargha, B\u00e1lint Varga, B\u00e9la Tomka, P\u00e9ter Csunderlik, M\u00f3nia Ba\u00e1r, Imre Taraf\u00e1s, Raul Carstocea, G\u00e1bor Gy\u00e1ni, Jan Surman, Kriszti\u00e1n Csapl\u00e1r-Degovics, Lucija Balikic, Hannes Grandits, Paul Gradvohl, \u00c1d\u00e1m Mesty\u00e1n, Holly Case<\/li>\n<\/ul>\n<p>\u00a0<\/p>\n<p><strong>31 August \/ Cres, Croatia<br \/><\/strong><strong>International Conference\u00a0<br \/><\/strong><a href=\"https:\/\/1918local.eu\/conference\/\">Breaking Away: Micronations, Microstates, and the Contestation of Sovereignty in East Central Europe, 1918\u2013Present: Political Thought, Aesthetic Output, and their Afterlives<\/a><\/p>\n<p><strong>Conference Organized under the Auspices and with the Financial Support of<\/strong><\/p>\n<ul>\n<li><em>ERC Consolidator Grant Project \u201cNEPOSTRANS: Negotiating Post-Imperial Transitions\u201d<\/em>\u00a0(Grant No. 772264, 2018\u20132023), hosted at the Institute of Political History, Budapest, Hungary<\/li>\n<li><em>ERC Consolidator Grant Project \u201cREVENANT: Revivals of Empire: Nostalgia, Amnesia, Tribulation\u201d<\/em>\u00a0(Grant No. 101002908, 2022\u20132027), hosted at the University of Rijeka, Rijeka, Croatia<\/li>\n<\/ul>\n<p><strong>Scientific-Organizational Committee<\/strong><\/p>\n<ul>\n<li><em>Lucija Baliki\u0107<\/em>\u00a0(Central European University, Budapest\/Vienna)<\/li>\n<li><em>Cody J. Inglis<\/em>\u00a0(Central European University Budapest\/Vienna)<\/li>\n<li><em>Kevin Kenjar<\/em>\u00a0(University of Rijeka)<\/li>\n<li><em>Stefan Gu\u017evica<\/em>\u00a0(Institute for Philosophy and Social Theory, University of Belgrade)<\/li>\n<li><em>Ivan Jeli\u010di\u0107<\/em>\u00a0(University of Rijeka)<\/li>\n<li><em>Emanuela Erasmus<\/em>\u00a0(University of Rijeka), Organizational Secretary and Coordinator<\/li>\n<\/ul>\n<h2>\u00a0<\/h2>\n<h2>2022<\/h2>\n<p><span style=\"color: #ffffff;\">.<\/span><\/p>\n<p><strong>27 October \/ Rijeka, Croatia<\/strong><br \/><strong>International conference<\/strong><br \/><a href=\"https:\/\/1918local.eu\/the-centenary-of-the-march-on-rome-from-the-perspective-of-the-upper-adriatic-historiographic-challenges\/\">The Centenary of the March on Rome From the Perspective of the Upper Adriatic: Historiographic Challenges<\/a><br \/>Organizers:<\/p>\n<ul>\n<li>ISTARSKO POVIJESNO DRU\u0160TVO \u2013 SOCIET\u00c0 STORICA ISTRIANA<\/li>\n<li>FILOZOFSKI FAKULTET U RIJECI, ODSJEK ZA POVIJEST<\/li>\n<li>HRVATSKA AKADEMIJA ZNANOSTI I UMJETNOSTI<br \/>Zavod za povijesne i dru\u0161tvene znanosti u Rijeci<br \/>s Podru\u010dnom jedinicom u Puli<\/li>\n<li>THE INSTITUTE OF POLITICAL HISTORY, Budapest, ERC CoG NEPOSTRANS<\/li>\n<\/ul>\n<p>\u00a0<\/p>\n<p><strong>24-25 May \/ Bratislava, Slovakia<br \/><\/strong><strong>Project conference \/ 4<br \/><\/strong><strong><a href=\"https:\/\/1918local.eu\/discourses-of-transition-in-post-habsburg-east-central-europe\/\">Discourses of Transition in (post-)Habsburg East Central Europe, 1917\u20131941<\/a><br \/><\/strong>Organizers: Institute of History of the Slovak Academy of Sciences, Faculty of Law of Comenius University, Institute of Political History<\/p>\n<ul>\n<li data-tadv-p=\"keep\"><strong>Participants:<\/strong> G\u00e1bor Egry, Ivan Jeli\u010di\u0107, Jernej Kosi, Elisabeth Haid, Christopher Wendt, Cody J. Inglis<\/li>\n<\/ul>\n<p><span style=\"color: #ffffff;\">.<\/span><\/p>\n<h2>2021<\/h2>\n<p><span style=\"color: #ffffff;\">.<\/span><\/p>\n<p><strong>3-4 November 2021 \/ Budapest, Hungary<br \/>Project conference \/ 3 (hybrid)<br \/><\/strong><a href=\"https:\/\/1918local.eu\/adjustment-adaptation-adoption-the-reconfiguration-of-ethnicities-during-the-post-wwi-transition-in-east-central-europe\/\"><strong>Adjustment, adaptation, adoption? The reconfiguration of ethnicities during the post-WWI transition in East Central Europe<\/strong><\/a><br \/>Organizers: Institute of Political History, Archives of the City of Budapest<\/p>\n<ul>\n<li data-tadv-p=\"keep\"><strong>Participants:<\/strong> G\u00e1bor Egry, Ivan Jeli\u010di\u0107, Jernej Kosi, Elisabeth Haid, Anik\u00f3 Izs\u00e1k, Segolene Plyer, Christopher Wendt, Cody J. Inglis, K\u00e1roly Ign\u00e1cz<\/li>\n<\/ul>\n<p><span style=\"color: #ffffff;\">..<\/span><\/p>\n<h2>2020<\/h2>\n<p>\u00a0<\/p>\n<p><strong>29-31 October 2020 \/ Budapest, Hungary<br \/>Project conference \/ 2 (hybrid)<br \/><\/strong><a href=\"https:\/\/1918local.eu\/beyond-trianon-exit-from-the-war-in-danubian-europe-1918-1924\/\"><strong>Beyond Trianon? Exit from the War in Danubian Europe 1918-1924<\/strong><\/a><br \/>Organizers: Institute of Political History, Trianon100 Momentum Research Group, Hungarian Academy of Sciences<\/p>\n<ul>\n<li data-tadv-p=\"keep\"><strong>Participants:<\/strong> G\u00e1bor Egry, Ivan Jeli\u010di\u0107, Jernej Kosi, Elisabeth Haid, Anik\u00f3 Izs\u00e1k, Segolene Plyer, Christopher Wendt, Cody J. Inglis, K\u00e1roly Ign\u00e1cz<\/li>\n<\/ul>\n<p><span style=\"color: #ffffff;\">.<\/span><\/p>\n<h2>2019<\/h2>\n<p>\u00a0<\/p>\n<p><strong>1\u20133 July 2019 \/ Ljubljana, Slovenia<br \/><\/strong><a href=\"https:\/\/1918local.eu\/the-pervasive-state-in-reconfiguration-actors-concepts-institutions\/\"><strong>The Pervasive State in Reconfiguration? Actors, Concepts, Institutions<\/strong><\/a><br \/><strong>Project conference \/ 1<\/strong><br \/>Organizers: Institute of Political History, University of Ljubljana<\/p>\n<ul>\n<li data-tadv-p=\"keep\"><strong>Participants:<\/strong> G\u00e1bor Egry, Ivan Jeli\u010di\u0107, Jernej Kosi, Elisabeth Haid, Anik\u00f3 Izs\u00e1k, K\u00e1roly Ign\u00e1cz, Christopher Wendt, Cody J. Inglis<\/li>\n<\/ul>\n<p><span style=\"color: #ffffff;\">.<\/span><\/p>\n<h2 data-tadv-p=\"keep\">2018<\/h2>\n<p>\u00a0<\/p>\n<p><strong>5 November 2018 \/ Budapest, Hungary<br \/><\/strong><strong><a href=\"https:\/\/1918local.eu\/the-nation-state-in-contemporary-europe\/\">The nation state in contemporary Europe: the centenary of WWI; new chances for historical reconciliation<\/a><\/strong><br \/>Organizers: Institute of Political History, Central European University<\/p>\n<ul>\n<li data-tadv-p=\"keep\"><strong>Participants:<\/strong> G\u00e1bor Egry<\/li>\n<li><a href=\"https:\/\/cens.ceu.edu\/article\/2018-11-19\/event-report-nation-state-contemporary-europe-centenary-wwi-new-chances\/\">Event report<\/a><\/li>\n<\/ul>\n<p><span style=\"color: #ffffff;\">.<\/span><\/p>\n<p>\u00a0<\/p>\n\n","protected":false},"excerpt":{"rendered":"<p>&#8230; 2023 \u00a0 9-10 November \/ Florence, ItalyInternational Closing ConferenceA local history of East and Central Europe? How do local transition histories change our perspective on 20th century history? Conference organized by: Department of History, European University Institute, Florence Participants: G\u00e1bor Egry, K\u00e1roly Ign\u00e1cz, M\u00e1t\u00e9 Rig\u00f3, Peter Becker, S\u00e9gol\u00e9ne Plyer, Anik\u00f3-Borb\u00e1la Izs\u00e1k, Wolfgang G\u00f6derle,\u00a0Bal\u00e1zs Ablonczy, [&hellip;]<\/p>\n","protected":false},"author":1,"featured_media":0,"parent":0,"menu_order":0,"comment_status":"closed","ping_status":"closed","template":"","meta":{"_genesis_hide_title":false,"_genesis_hide_breadcrumbs":false,"_genesis_hide_singular_image":false,"_genesis_hide_footer_widgets":false,"_genesis_custom_body_class":"","_genesis_custom_post_class":"","_genesis_layout":""},"_links":{"self":[{"href":"https:\/\/1918local.eu\/sr-sp\/wp-json\/wp\/v2\/pages\/418"}],"collection":[{"href":"https:\/\/1918local.eu\/sr-sp\/wp-json\/wp\/v2\/pages"}],"about":[{"href":"https:\/\/1918local.eu\/sr-sp\/wp-json\/wp\/v2\/types\/page"}],"author":[{"embeddable":true,"href":"https:\/\/1918local.eu\/sr-sp\/wp-json\/wp\/v2\/users\/1"}],"replies":[{"embeddable":true,"href":"https:\/\/1918local.eu\/sr-sp\/wp-json\/wp\/v2\/comments?post=418"}],"version-history":[{"count":34,"href":"https:\/\/1918local.eu\/sr-sp\/wp-json\/wp\/v2\/pages\/418\/revisions"}],"predecessor-version":[{"id":2207,"href":"https:\/\/1918local.eu\/sr-sp\/wp-json\/wp\/v2\/pages\/418\/revisions\/2207"}],"wp:attachment":[{"href":"https:\/\/1918local.eu\/sr-sp\/wp-json\/wp\/v2\/media?parent=418"}],"curies":[{"name":"wp","href":"https:\/\/api.w.org\/{rel}","templated":true}]}}

<p><span style="color: #ffffff;">&#8230;</span></p>
<h2>2023</h2>
<p> </p>
<p><strong>9-10 November / Florence, Italy</strong><br /><strong>International Closing Conference</strong><br /><a href="https://1918local.eu/a-local-history-of-east-and-central-europe/" target="_blank" rel="noopener">A local history of East and Central Europe? How do local transition histories change our perspective on 20th century history?</a></p>
<p>Conference organized by: <a href="https://www.eui.eu/en/academic-units/department-of-history" target="_blank" rel="noopener">Department of History</a>, European University Institute, Florence</p>
<ul>
<li><strong>Participants:</strong> Gábor Egry, Károly Ignácz, Máté Rigó, Peter Becker, Ségoléne Plyer, Anikó-Borbála Izsák, Wolfgang Göderle, Balázs Ablonczy, Christopher Wendt, Ivan Jelicic, Jana Osterkamp, Börries Kuzmany, Cody J. Inglis, Elisabeth Haid-Lener, Heidi Hein-Kirchner, Marco Bresciani, Dominique Reill, Pieter M. Judson, Holly Case</li>
</ul>
<p> </p>
<p><strong>7-8 september / Budapest, Hungary</strong><br /><strong>International Closing Conference</strong><br /><a href="https://1918local.eu/kozep-es-kelet-europa-uj-tortenetei-new-histories-for-central-and-eastern-europe/" target="_blank" rel="noopener">New Histories for Central and Eastern Europe? Conference dedicated to the memory of Emil Niederhauser and István Deák</a></p>
<ul>
<li><strong>Participants:</strong> Matthias Morys, Egry Gábor, Mária Hidvégi, Károly Ignácz, Zsófia Loránd, Susan Zimmermann, Dóra Czeferner-Fedeles, Gergely Romsics, Dóra Vargha, Bálint Varga, Béla Tomka, Péter Csunderlik, Mónia Baár, Imre Tarafás, Raul Carstocea, Gábor Gyáni, Jan Surman, Krisztián Csaplár-Degovics, Lucija Balikic, Hannes Grandits, Paul Gradvohl, Ádám Mestyán, Holly Case</li>
</ul>
<p> </p>
<p><strong>31 August / Cres, Croatia<br /></strong><strong>International Conference <br /></strong><a href="https://1918local.eu/conference/">Breaking Away: Micronations, Microstates, and the Contestation of Sovereignty in East Central Europe, 1918–Present: Political Thought, Aesthetic Output, and their Afterlives</a></p>
<p><strong>Conference Organized under the Auspices and with the Financial Support of</strong></p>
<ul>
<li><em>ERC Consolidator Grant Project “NEPOSTRANS: Negotiating Post-Imperial Transitions”</em> (Grant No. 772264, 2018–2023), hosted at the Institute of Political History, Budapest, Hungary</li>
<li><em>ERC Consolidator Grant Project “REVENANT: Revivals of Empire: Nostalgia, Amnesia, Tribulation”</em> (Grant No. 101002908, 2022–2027), hosted at the University of Rijeka, Rijeka, Croatia</li>
</ul>
<p><strong>Scientific-Organizational Committee</strong></p>
<ul>
<li><em>Lucija Balikić</em> (Central European University, Budapest/Vienna)</li>
<li><em>Cody J. Inglis</em> (Central European University Budapest/Vienna)</li>
<li><em>Kevin Kenjar</em> (University of Rijeka)</li>
<li><em>Stefan Gužvica</em> (Institute for Philosophy and Social Theory, University of Belgrade)</li>
<li><em>Ivan Jeličić</em> (University of Rijeka)</li>
<li><em>Emanuela Erasmus</em> (University of Rijeka), Organizational Secretary and Coordinator</li>
</ul>
<h2> </h2>
<h2>2022</h2>
<p><span style="color: #ffffff;">.</span></p>
<p><strong>27 October / Rijeka, Croatia</strong><br /><strong>International conference</strong><br /><a href="https://1918local.eu/the-centenary-of-the-march-on-rome-from-the-perspective-of-the-upper-adriatic-historiographic-challenges/">The Centenary of the March on Rome From the Perspective of the Upper Adriatic: Historiographic Challenges</a><br />Organizers:</p>
<ul>
<li>ISTARSKO POVIJESNO DRUŠTVO – SOCIETÀ STORICA ISTRIANA</li>
<li>FILOZOFSKI FAKULTET U RIJECI, ODSJEK ZA POVIJEST</li>
<li>HRVATSKA AKADEMIJA ZNANOSTI I UMJETNOSTI<br />Zavod za povijesne i društvene znanosti u Rijeci<br />s Područnom jedinicom u Puli</li>
<li>THE INSTITUTE OF POLITICAL HISTORY, Budapest, ERC CoG NEPOSTRANS</li>
</ul>
<p> </p>
<p><strong>24-25 May / Bratislava, Slovakia<br /></strong><strong>Project conference / 4<br /></strong><strong><a href="https://1918local.eu/discourses-of-transition-in-post-habsburg-east-central-europe/">Discourses of Transition in (post-)Habsburg East Central Europe, 1917–1941</a><br /></strong>Organizers: Institute of History of the Slovak Academy of Sciences, Faculty of Law of Comenius University, Institute of Political History</p>
<ul>
<li data-tadv-p="keep"><strong>Participants:</strong> Gábor Egry, Ivan Jeličić, Jernej Kosi, Elisabeth Haid, Christopher Wendt, Cody J. Inglis</li>
</ul>
<p><span style="color: #ffffff;">.</span></p>
<h2>2021</h2>
<p><span style="color: #ffffff;">.</span></p>
<p><strong>3-4 November 2021 / Budapest, Hungary<br />Project conference / 3 (hybrid)<br /></strong><a href="https://1918local.eu/adjustment-adaptation-adoption-the-reconfiguration-of-ethnicities-during-the-post-wwi-transition-in-east-central-europe/"><strong>Adjustment, adaptation, adoption? The reconfiguration of ethnicities during the post-WWI transition in East Central Europe</strong></a><br />Organizers: Institute of Political History, Archives of the City of Budapest</p>
<ul>
<li data-tadv-p="keep"><strong>Participants:</strong> Gábor Egry, Ivan Jeličić, Jernej Kosi, Elisabeth Haid, Anikó Izsák, Segolene Plyer, Christopher Wendt, Cody J. Inglis, Károly Ignácz</li>
</ul>
<p><span style="color: #ffffff;">..</span></p>
<h2>2020</h2>
<p> </p>
<p><strong>29-31 October 2020 / Budapest, Hungary<br />Project conference / 2 (hybrid)<br /></strong><a href="https://1918local.eu/beyond-trianon-exit-from-the-war-in-danubian-europe-1918-1924/"><strong>Beyond Trianon? Exit from the War in Danubian Europe 1918-1924</strong></a><br />Organizers: Institute of Political History, Trianon100 Momentum Research Group, Hungarian Academy of Sciences</p>
<ul>
<li data-tadv-p="keep"><strong>Participants:</strong> Gábor Egry, Ivan Jeličić, Jernej Kosi, Elisabeth Haid, Anikó Izsák, Segolene Plyer, Christopher Wendt, Cody J. Inglis, Károly Ignácz</li>
</ul>
<p><span style="color: #ffffff;">.</span></p>
<h2>2019</h2>
<p> </p>
<p><strong>1–3 July 2019 / Ljubljana, Slovenia<br /></strong><a href="https://1918local.eu/the-pervasive-state-in-reconfiguration-actors-concepts-institutions/"><strong>The Pervasive State in Reconfiguration? Actors, Concepts, Institutions</strong></a><br /><strong>Project conference / 1</strong><br />Organizers: Institute of Political History, University of Ljubljana</p>
<ul>
<li data-tadv-p="keep"><strong>Participants:</strong> Gábor Egry, Ivan Jeličić, Jernej Kosi, Elisabeth Haid, Anikó Izsák, Károly Ignácz, Christopher Wendt, Cody J. Inglis</li>
</ul>
<p><span style="color: #ffffff;">.</span></p>
<h2 data-tadv-p="keep">2018</h2>
<p> </p>
<p><strong>5 November 2018 / Budapest, Hungary<br /></strong><strong><a href="https://1918local.eu/the-nation-state-in-contemporary-europe/">The nation state in contemporary Europe: the centenary of WWI; new chances for historical reconciliation</a></strong><br />Organizers: Institute of Political History, Central European University</p>
<ul>
<li data-tadv-p="keep"><strong>Participants:</strong> Gábor Egry</li>
<li><a href="https://cens.ceu.edu/article/2018-11-19/event-report-nation-state-contemporary-europe-centenary-wwi-new-chances/">Event report</a></li>
</ul>
<p><span style="color: #ffffff;">.</span></p>
<p> </p>

<p>&#8230; 2023   9-10 November / Florence, ItalyInternational Closing ConferenceA local history of East and Central Europe? How do local transition histories change our perspective on 20th century history? Conference organized by: Department of History, European University Institute, Florence Participants: Gábor Egry, Károly Ignácz, Máté Rigó, Peter Becker, Ségoléne Plyer, Anikó-Borbála Izsák, Wolfgang Göderle, Balázs Ablonczy, [&hellip;]</p>
